n) + 9*x(n). Calculate s(4).
-6
Suppose -5*x = -5*i - 15, -x - 2*i + 3 = -4*i. Let k(d) = -3*d + 0*d + 0*d + 1 + 2. Calculate k(x).
-6
Let b(y) be the third derivative of 0 - 9*y**2 + 0*y + 1/24*y**4 + 1/6*y**3. Suppose -5*t = 3*l + 30, l = -4*t - 3*l - 32. What is b(t)?
-2
Let q(x) = -x**3 + 3*x - 4. Let k = -25 + 22. Determine q(k).
14
Suppose 2*d + 3*u + 5 + 4 = 0, 5*d + 33 = 3*u. Let s(t) = t - 1. What is s(d)?
-7
Let t = -6 + 12. Let a(r) = -4 + r + t + 3. Calculate a(4).
9
Let k(a) = -a**3 + 7*a**2 - 7*a - 4. Suppose 0 = -2*v + 5*v - 18. What is k(v)?
-10
Let n(j) = -j**2 + 2*j + 3. Suppose 7*f - 8*f = -6. Let w be f/2 - 0/2. What is n(w)?
0
Let w be (1 - -6)/(0 - -1). Let n(j) = -7*j**2 + 61*j + 4 + j**3 - 61*j. Let a be n(w). Let r(f) = -f**2 + 3*f - 2. What is r(a)?
-6
Let k = 27 - 21. Let r(g) = 2*g + 4. Let a(j) = -j. Let b(m) = 5*a(m) + r(m). Calculate b(k).
-14
Let h(k) = -11*k + 14. Let v(z) = 5*z - 6. Let d(i) = -4*h(i) - 9*v(i). Calculate d(-7).
5
Let x(u) = -2*u**2 + u. Let h = 1 - -1. Suppose -4*q = 2*z - z + 12, -h*z + 5*q + 28 = 0. Suppose 0 = f - 3*f - z. Determine x(f).
-10
Let i(w) = -3*w**3 + 1. Let h(k) = k**2 + 4*k + 1. Let f be h(-4). Let z = 0 - f. Let s = 0 + z. Give i(s).
4
Let a = -17 - -17. Let m(b) be the third derivative of 0*b - 1/12*b**4 + 2*b**2 + 1/6*b**3 + a. Calculate m(3).
-5
Let j(s) be the second derivative of -1/12*s**4 + 0 - 1/6*s**3 + 3/2*s**2 - 8*s. What is j(0)?
3
Let c = -31 - -27. Let o(h) = h**2 + 6*h + 3. Give o(c).
-5
Let i(w) = -3*w**2 + 10*w - 2. Let p be i(3). Let v(k) = 24*k**2 + 2*k - 1. What is v(p)?
25
Let i(u) = -2*u**2 + 3*u + 3. Let b be i(-2). Let o(z) = 3*z - 2. Let j(g) = -16*g + 10. Let k(y) = b*o(y) - 2*j(y). Determine k(4).
-2
Let y(h) = 6*h**3 - 10*h. Let c(p) = -5*p**3 + 9*p. Let u(b) = -7*c(b) - 6*y(b). Let j(g) be the second derivative of u(g). Determine j(1).
-6
Let w(p) = 2 + p**2 - 3 - 4 - p. Let u be (-18 - -18)*(-2 - 0)/2. Calculate w(u).
-5
Let y(w) = -36*w - 5 + w**2 + 20*w + 24*w. What is y(-7)?
-12
Let l(w) = -w**3 + 3*w**2 - 3*w. Let f = 17 + -28. Let c = 7 + f. Let k = c - -7. What is l(k)?
-9
Let w be ((-12)/(-18))/((-4)/102). Let l = -11 - w. Let t(x) = -2*x + l*x - 2*x - 1. What is t(4)?
7
Suppose -9 = -q - 2*q. Suppose q = -5*t - 2. Let r(o) = -2*o + 1. Give r(t).
3
Let u(i) = 3*i - 2. Let p be u(2). Let y = p + 0. Let v(k) = -k**3 + 3*k**2 + 5*k. What is v(y)?
4
Let g be -1*2/((-2)/5). Let b(y) = -y**2 + 10*y - 4. Let l(a) = -a - 1. Let m(h) = -b(h) - 3*l(h). Calculate m(g).
-3
Let t(c) be the second derivative of c**3/6 + 2*c**2 + c. Calculate t(0).
4
Let c(l) = -l + 7. Let y(o) = -o**3 - 5*o**2 - 7*o - 7. Let j be y(-4). Determine c(j).
2
Suppose 0*d + 4*n = d - 24, 7 = 3*d + n. Suppose u = -2*y - 2, -2*u - d = 2*y - 2. Suppose 5*i + 2 + 3 = u. Let k(m) = 2*m**3 - m**2 - m - 1. What is k(i)?
-3
Let p(k) = -k**2 - 3*k + 1. Let t be p(-5). Let u(l) = -l**2 - 9*l - 8. Calculate u(t).
-8
Let j be 3/(9/21)*1. Let a(q) = -6*q**2 - j*q**3 - 1 + 13*q**2 - 6*q + 6*q**3. Let t be a(6). Let f(s) = 3*s**3. Determine f(t).
-3
Suppose 5*d - a = 3*a + 18, -d = a. Let y(u) = -d + 4*u - u - 2*u + 1. Let g(f) = 6*f + 5. Let p(o) = g(o) - 5*y(o). Give p(0).
10
Suppose 4*y + 18 = 3*q + y, 2*q + 3 = -y. Let r(u) be the second derivative of 7*u**3/6 - u**2/2 + 4*u. Give r(q).
6
Let a(c) be the third derivative of -c**2 - c**3 + 1/12*c**4 + 0 + 0*c. Calculate a(6).
6
Let l(k) = 7*k**2 - 6*k - 11. Let a(j) = -11*j**2 + 9*j + 17. Let z(b) = 5*a(b) + 8*l(b). Let v be ((-2)/(-5))/(6/(-30)). Calculate z(v).
7
Let g be 40/100*10/4. Let z(m) = -2 + m + 0 - g. Determine z(7).
4
Let u(j) = 107*j - 1 - 57*j - 61*j. Suppose 4*l = -20, 0 = n + 2*n - 4*l - 23. Calculate u(n).
-12
Let y(o) be the second derivative of -o**3/3 - o**2/2 - o. Suppose 3*p + 4 + 2 = 0. Calculate y(p).
3
Let x(k) = 5*k**3 + 2*k**2 + 2*k - 1. Let j(q) = -4*q**3 - 3*q**2 - 3*q. Let r(l) = -4*j(l) - 3*x(l). What is r(-5)?
-2
Let k = 9 + -7. Suppose -5*z = -k*f + 6, 4*z = -4*f + 8*z. Let o be 5 + (-6)/((-4)/f). Let l(a) = -a**3 + a**2 - a. Calculate l(o).
-6
Let t(x) be the first derivative of 1/3*x**3 - 3 + 4*x - 2*x**2. Calculate t(3).
1
Let t(f) = f**3 + 7*f**2 - 6. Let u = -11 + 20. Let b = -16 + u. Determine t(b).
-6
Let i(l) = l**2 + 9*l - 12. Let s be i(-10). Let o(u) be the first derivative of -2*u**3/3 - u**2/2 - u - 6. Calculate o(s).
-7
Let s(j) be the first derivative of -j**2/2 - 7*j + 2. Let q(k) = 2 + 4*k**3 + 2*k + 4*k**2 - 13*k**2 + 8*k**2. Let o be q(-1). Give s(o).
-2
Let s(c) = -1. Let z(o) = -o + 0*o + 2*o + 5. Let j be (-42)/24 + (-1)/4. Let u(n) = j*s(n) - z(n). Determine u(-6).
3
Suppose 35 = -5*v + 2*v - 4*t, 3*v + t = -20. Let q(c) = c**2 + 4*c - 5. Let z = 7 + -12. Let j(o) = o**2 + 4*o - 6. Let i(x) = z*j(x) + 6*q(x). Calculate i(v).
5
Suppose 15 - 54 = 13*t. Let m(o) be the second derivative of o**4/12 + 2*o. Give m(t).
9
Let f(o) = o - 1. Let w(y) = 3*y + 1. Let l be 5/20 - 3/(-4). Let j be w(l). Give f(j).
3
Let w(h) = -4 + 2 + 3 + 2*h. What is w(-1)?
-1
Let l(s) be the third derivative of s**4/12 + 3*s**3/2 - s**2. Calculate l(-6).
-3
Suppose -3*u = -7*u + 4, -4*u = y - 9. Let j = 0 + 0. Let n(b) = -b + 2 + j*b + 0. Calculate n(y).
-3
Let i(w) be the second derivative of w**5/120 - w**4/12 + w**3/6 + 2*w. Let z(d) be the second derivative of i(d). Let v = 6 - 10. What is z(v)?
-6
Let p = -9 - -4. Let r(n) = n**2 + 4*n. Calculate r(p).
5
Suppose 2*y - 5*u + 8 = 0, 0 = -4*y - u - u + 32. Let a = -5 + y. Let x(m) = 8*m**3 + m**2 - 2*m + 1. Calculate x(a).
8
Let b(i) be the first derivative of -i**5/120 - i**4/24 - i**3/3 + 4. Let t(x) be the third derivative of b(x). Let k = -2 - 3. What is t(k)?
4
Let v(o) be the second derivative of -5*o**4/12 + o**2/2 + o. Suppose p - 6 + 5 = 0. Calculate v(p).
-4
Let i = -37 - -28. Let p(y) = -y**3 - 10*y**2 - 9*y + 5. Let n be p(i). Let r(c) = -4*c - 2*c**2 + 3*c**2 + 0 + 2. Give r(n).
7
Suppose -1 = -4*i + u, 2*i + 2*u + 7 = 5*u. Let n be i/3 - 56/(-12). Suppose 2*l - 6 = n*l. Let a(z) = z**2 + z - 2. Determine a(l).
0
Let u(y) = 5*y - 5. Let t(b) = 14*b - 14. Let d(n) = 4*t(n) - 11*u(n). Let f(i) = -i**2 - 4*i - 1. Let q be f(-4). Give d(q).
-2
Let l(i) = 10*i - 7*i**3 + 0*i**3 + 21*i**2 - 3*i**3 - 4. Let u(q) = 2*q**3 - 4*q**2 - 2*q + 1. Let p(n) = 2*l(n) + 11*u(n). What is p(2)?
7
Let b(p) be the third derivative of 1/60*p**5 + 0*p - 1/6*p**3 + 0 - 5/24*p**4 - 2*p**2. What is b(6)?
5
Let o(v) = 3*v - 1. Let d(r) = 6*r - 2. Let m(w) = 6*d(w) - 11*o(w). Calculate m(-5).
-16
Let s(x) be the third derivative of -x**8/10080 + x**7/1260 + x**6/240 + x**5/60 + 6*x**2. Let m(t) be the third derivative of s(t). Determine m(-2).
-13
Suppose 0 = -0*u + 8*u + 16. Let b(t) = -t**2 - 3*t - 3. Give b(u).
-1
Let i(x) be the second derivative of -x**3/6 - 5*x**2/2 + 22*x. Calculate i(6).
-11
Let x(z) = z - 2. Suppose -3*w + 3*g + 27 = 0, -2*g = 2*w - 51 + 13. Let o be (-4)/w - (-24)/(-14). What is x(o)?
-4
Let q(t) = -2*t - 707*t**2 + 2*t + 708*t**2 - 3 - 3*t. Calculate q(3).
-3
Let p = -46 - -43. Let a(v) = -v**2 - 2*v - 4. Determine a(p).
-7
Let s = 1 - 2. Let k(x) = -6*x + 5*x + 3*x - 2*x**2 - 4*x - 1. Determine k(s).
-1
Let w(x) = -x - 3. Let j be w(-5). Let z(a) = 8*a**2 + a + 7. Let t(n) = 7*n**2 + 6. Let k(s) = 5*t(s) - 4*z(s). What is k(j)?
6
Let o(j) be the first derivative of j**2 + 9*j - 11. Suppose -6*v + u - 27 = -v, 4*u = -4*v - 36. Determine o(v).
-3
Let l(d) = -4*d - 4. Let y(t) = t**2 + t. Let u be y(-2). Let r = u - 5. Give l(r).
8
Let w(f) = -2*f**2 + 4*f - 4*f**2 + 7*f**2 - 2*f**2 - 3. Determine w(4).
-3
Let d(i) = 2*i - 8. Let o(q) = -q + 4. Let z(r) = -4*d(r) - 9*o(r). Let j = 11 - 8. Suppose j*h = 5*g - 0*g - 27, -4*g - 4 = 4*h. What is z(g)?
-1
Let h(t) be the third derivative of -t**5/60 + t**4/12 + 7*t**3/6 - 3*t**2. What is h(5)?
-8
Let v(p) = p**2 + 8*p - 1. Let r be v(-8). Let n(w) = -4*w + 1. Let b be n(r). Let h(u) = 3*u - b*u + 1 + 3*u + 0. Determine h(4).
5
Let y(j) = -3*j**3 + j**2 + 5*j + 7. Let f(b) = 8*b**3 - 4*b**2 - 14*b - 20. Let p(d) = 4*f(d) + 11*y(d). Calculate p(-5).
2
Let b(k) = 7*k - 5*k + k**2 - 5 - 7*k. Calculate b(5).
-5
Let t(r) = -6*r + 3 - r**2 - 3*r - 12. Let x be t(-7). Let n(h) be the second derivative of